. What is the greatest common divisor of a and 1281?
21
Suppose -y = 4, y = 2*p + 2*p - 164. Suppose 0 = -3*n - w + 260, 57 - 227 = -2*n + w. Let t = -81 + n. Calculate the greatest common divisor of p and t.
5
Let i be -2 - 0 - (-9 + 3). Let o be (2 - (-18)/(-5))/((-132)/2970). Calculate the highest common factor of o and i.
4
Suppose -109 = -c + 3*r, 7*c + r = 2*c + 529. Let q be -2 - (c + (-5 + -1)/(-3)). Let g = -83 - q. What is the highest common factor of 3 and g?
3
Let k(n) = -n**3 + 9*n**2 - 8*n + 55. Let y be k(9). Let u(v) = -21*v + 5*v - v**2 + 0*v**2 + 27. Let s be u(y). What is the greatest common factor of s and 30?
10
Let g(p) = 4*p**2 - 17*p - 798. Let a be g(18). Suppose 0*n - 24 = -n. What is the highest common divisor of n and a?
24
Suppose 16*g + 22*g - 617 - 1929 = 0. What is the greatest common factor of 2077 and g?
67
Let m = 5 + 7. Suppose 107*s = 111*s - 24. Calculate the greatest common divisor of m and s.
6
Suppose -6*u = l - 2*u - 107, 3*u = 4*l - 485. Suppose -5101*j = 5*o - 5096*j - 85, -2*j = -2*o - 6. What is the greatest common factor of l and o?
7
Let p be 8/2 - -3*(-3)/9. Suppose -2*g + p*g - 7 = -2*z, -g + 7 = 4*z. Let j be (-212)/(-7) - 2/g. What is the greatest common divisor of 12 and j?
6
Suppose 3*s = -3*g + 702, -240 = 10*g - 11*g - 2*s. What is the highest common factor of 3534 and g?
114
Let n(x) = -8*x**3 + 104*x**2 - 25*x + 403. Let z be n(13). What is the highest common divisor of z and 728?
26
Let f = -39 + 45. Suppose 5*j = -2*g + 53, -4*g + 3*g + 4*j - f = 0. Let k be 31 - (2 - (-24)/(-4)). What is the greatest common factor of k and g?
7
Let r(c) = 20 + 7*c - 2 - 6*c**2 - c**3 - 4*c**2 + 12 - 14*c. Let o be r(-9). What is the greatest common factor of 186 and o?
6
Let r = -1812 - -1971. Calculate the greatest common factor of r and 17331.
159
Suppose 0 = -42*c - 138 + 399 + 957. What is the highest common divisor of 1 and c?
1
Let i(o) = -o**3 - 2*o**2 + 37*o + 39. Let v be i(-7). What is the highest common factor of 1975 and v?
25
Suppose -4*k + 13 = w - 47, -112 = -2*w - 4*k. Suppose 24*p - 930 = 29*p. Let n be (-12)/(-20) + p/(-15). What is the highest common divisor of w and n?
13
Let t(s) = -1 + 297*s + 4*s**2 + s**3 - 284*s + 7*s**2. Let g be t(-9). Let n = -28 + g. What is the highest common factor of n and 112?
16
Let m(v) = v**2 - v - 34. Let t be m(-5). Let k be -3 + t + (-1 - -59). What is the greatest common factor of k and 17?
17
Suppose -5*o = -5*c - 1025, 3*c - 616 = -3*o + 7*c. Suppose 60 = k + 5*f + 5, 3*k + 2*f - o = 0. Calculate the greatest common divisor of 56 and k.
14
Let u = -16446 + 16476. What is the greatest common divisor of u and 14500?
10
Suppose -10194 = -3*t - 1422. Calculate the highest common factor of 238 and t.
34
Let r be (37 + -38)/(-1*(-1)/(-881 - -2)). Calculate the greatest common factor of 3 and r.
3
Suppose -27*r - 5445 - 2385 = 0. Let l be (36/30)/((-4)/r). Calculate the highest common factor of 957 and l.
87
Let v = -4556 + 4670. What is the highest common divisor of v and 192?
6
Let b be (1 + -2 - -17)*1. Let x(d) = 48*d**2 + 207*d - 77. Let z be x(-5). What is the highest common factor of z and b?
8
Let m(a) = 1054*a + 7380. Let z be m(-7). Let u(g) = -43*g - 1. Let p be u(-5). What is the highest common factor of z and p?
2
Suppose 3*d - x - 14 = 0, x = 2*d + 5*x + 14. Let k(v) = 7*v - 56. Let r be k(12). Suppose 540 = -8*w + r*w. Calculate the highest common divisor of d and w.
3
Suppose -4*x + 840 = -3*c, -3*c - c + 655 = 3*x. Let r be ((-27)/12)/(x/72 - 3). Calculate the highest common factor of 243 and r.
27
Let f(x) = 5*x - 7. Let m be f(11). Suppose 14*g - 736 = 6*g. Suppose -5*a = -4*v + 8*v - g, 2*a - 26 = 2*v. Calculate the highest common factor of a and m.
16
Suppose -1189 = -28*g + 211. Let k = -525 + 800. What is the greatest common divisor of k and g?
25
Let c be 26/39*(3 + -1 + 3487) - 4. Calculate the highest common factor of c and 18.
18
Suppose -3*t = -2*c - 22, 0*t + t = -4*c - 16. Suppose 29 - 125 = -t*n. Calculate the greatest common divisor of 156 and n.
12
Let y(u) = 29*u - 15*u**2 - 5*u**3 + 6*u**3 + 6 - 27. Let o be y(13). What is the highest common divisor of o and 1422?
18
Suppose 0 = -6*b - 2*b - 3816. Let m = b + 692. Calculate the greatest common divisor of m and 43.
43
Let p(v) = 8*v**3 + 55*v**2 - 9*v - 171. Let q be p(15). Calculate the highest common divisor of 27 and q.
27
Suppose 7*l = 2*l, -3*l = g - 6. Let t be (-9)/g*(-36)/6. Let b = 16 - 13. Calculate the greatest common divisor of t and b.
3
Let d be (-62540)/(-18) - 924/(-594). What is the highest common divisor of d and 176?
44
Let w be (48/9)/((-8)/(-72)). Suppose -w = -2*s - 0*s. Let v be (-162)/s*-4 + (2 - 4). Calculate the highest common divisor of v and 275.
25
Let k(w) = 44*w + 183. Let z(f) = 68*f + 274. Let g(s) = 8*k(s) - 5*z(s). Let d be g(12). What is the highest common divisor of 272 and d?
34
Let s(v) = v**3 - 3*v**2 - 16*v + 11. Let m be s(6). Suppose 0 = -4*b + m*b - 1330. What is the highest common divisor of 14 and b?
14
Let a = 156 - 109. Let b = -17 + a. Let x(w) = 6*w**2 + 173*w + 1166. Let y be x(-19). What is the greatest common divisor of b and y?
15
Let d(g) = g**2 - g - 5. Let p be d(4). Let c = 11 - p. Suppose 0*u = 4*u - 176. What is the highest common factor of c and u?
4
Suppose -5*s + 3*c - 3 = -6, -5*c = -s + 5. Suppose 214 = 5*j + 3*q - q, s = 5*j + q - 212. What is the highest common factor of 315 and j?
21
Suppose 3 = t - 46. Let b = 93 - t. Suppose 0*q + q - 4*m + 12 = 0, 0 = 4*m - 16. What is the greatest common factor of b and q?
4
Let s(f) = -2*f**3 + 216*f**2 + 462*f - 314. Let k be s(110). Calculate the greatest common divisor of 936 and k.
234
Suppose -6*y = -2283 - 153. Let k = 463 - y. Calculate the greatest common divisor of k and 76.
19
Suppose -2*o - 1664*n + 370 = -1660*n, 9 = -9*n. What is the greatest common factor of o and 33?
11
Let h be 183*(7 - 30/5). Let a = -163 + h. What is the highest common divisor of a and 65?
5
Let m(i) = i**2 + i + 14. Let l be m(-4). Let r be (-4)/(-26) + 3313*2/l. Calculate the greatest common divisor of 153 and r.
51
Suppose -2*b = 3*b - 3*b. Suppose b = -x + 2*v + 11, 29 = x + 11*v - 7*v. Let h be (2 - (1 + 0))*17. What is the highest common factor of x and h?
17
Let o = 40 + 25. Let k = -47 + o. Let f be 10/45 - (-68)/k. What is the greatest common factor of f and 12?
4
Suppose 104*v - 863370 = -28*v - 49*v. Calculate the highest common factor of v and 60.
30
Let z be ((-230)/1)/(-5) + (-1 - 1). Suppose 5*h - 2*w = -0*h + 143, 146 = 5*h + w. Let a = z - h. What is the highest common factor of a and 105?
15
Suppose 6*f = 2*f + 12. Suppose f*n - 18 = 27. What is the greatest common divisor of 60 and n?
15
Let i be ((-242)/22)/((-2)/1) + (-24)/(-16). Let t = -8 - -29. What is the highest common factor of t and i?
7
Let x(n) = 12*n**2 - 60*n + 136. Let l be x(43). What is the highest common factor of 32 and l?
32
Let o = 142 - 140. Suppose o*x = 10, 0 = 2*a + x + 3 - 232. What is the greatest common divisor of 14 and a?
14
Let l be ((-4)/(-3))/((-2)/(-135)). Suppose 4*v + 292 = 3*v - 4*b, 5*v - 3*b = -1575. Let h = 321 + v. Calculate the greatest common divisor of l and h.
9
Let v(t) = -t**2 - 22*t + 1594. Let d be v(30). Suppose 3*z + 255 = 8*z. What is the greatest common factor of d and z?
17
Suppose 76180 = 105*w - 15132 - 30173. Calculate the highest common factor of w and 39.
13
Let k(r) = 329*r**2 - 85*r - 535. Let j be k(-6). What is the highest common factor of 223 and j?
223
Let k(f) = f**3 + f**2 - 7*f - 12. Let d be k(5). Suppose -22 = -5*s + d. What is the greatest common factor of s and 200?
25
Let m be ((12/(-54))/((-16)/4356))/(1/82). Calculate the greatest common divisor of 41 and m.
41
Let f(p) = -384*p - 5179. Let k be f(-16). What is the greatest common divisor of k and 2509?
193
Suppose 4*u = 4*r + 764, 2*u - 3*u + 209 = 5*r. Suppose -10*i + 16 + u = 0. Calculate the highest common factor of i and 336.
21
Let x be (576/(-54))/(-2 + (-40)/(-21)). Suppose -12*j = -792 + 120. Calculate the greatest common factor of j and x.
56
Let i = 76 + -21. Suppose 5*w - 3*r = 110, -2*r - 115 = -5*w - 0*r. What is the highest common factor of w and i?
5
Let j = 153 - 